r when s is divided by 6?
1
Let p(k) be the first derivative of 5*k**2 - 11*k - 11. Calculate the remainder when 36 is divided by p(3).
17
Let j(l) = -6*l - 5. What is the remainder when j(-11) is divided by 32?
29
Let k = -34260 - -34319. Suppose 0*r + 4*r - 700 = 0. Calculate the remainder when r is divided by k.
57
Suppose 6 = -167*k + 170*k. What is the remainder when 15 is divided by k*6/(-3) - -8?
3
Let t(f) = f**3 + 6*f**2 - 17*f + 5. What is the remainder when 922 is divided by t(-8)?
12
Let j = -159 - -161. Let q(v) = v - 5. Let a(i) = -i**3 + 7*i**2 - 6*i + 9. Let p be a(6). Calculate the remainder when q(p) is divided by j.
0
Calculate the remainder when 360 + -3 + -5 + 7 is divided by 30.
29
Let z be 598/14 + (-18)/(-63). Let j = z - 37. Calculate the remainder when j is divided by 2.
0
Let k(z) = 2*z**2 + 36*z + 6. Let a be k(-18). Let q be (-2)/(-8) + 55/20. Calculate the remainder when 12 is divided by q + -6 + a - 0.
0
Let z = 70 + -43. What is the remainder when ((-5)/((-10)/428))/(34/17) is divided by z?
26
What is the remainder when 335 is divided by (-16)/6 - (-5104)/132?
11
Suppose -5*u - 20 = 0, -114*u + 116*u + 454 = 2*k. Calculate the remainder when k is divided by 79.
65
Let p = -6 - -12. Suppose p = 2*a - 8. Calculate the remainder when (a/(-21))/(1/(-48)) is divided by 5.
1
Suppose -3 = v, u - 3*v = -4*u + 89. Suppose n = 28 - u. What is the remainder when 45 is divided by n?
9
Let u(y) = 3*y - 4. Let j be u(6). Suppose 0*v = 4*v - 36. Calculate the remainder when v is divided by (-297)/(-63) + 4/j.
4
Let w be (-69)/(-2)*192/36. Let y be w/44 - 4/22. Suppose y*x = 71 - 3. What is the remainder when x is divided by 6?
5
Suppose 36 = 2*l + o, -l - 3*o + 8 + 0 = 0. Suppose 3*w - 12 = 3*x, -5*w + l = 3*x - 0*x. Let b(y) = y + 2. Calculate the remainder when 27 is divided by b(w).
3
Let n(v) = v + 16. Let q = 20 - 29. Calculate the remainder when 12 is divided by n(q).
5
Let n(r) be the second derivative of r**4/12 + r**3/6 - 33*r**2/2 - 74*r. Calculate the remainder when 1032/9 + 2/(-3) is divided by n(8).
36
Suppose 0 = -5*y + l + 299, 3*l + 117 = 2*y - 0*y. Calculate the remainder when y is divided by 21.
18
What is the remainder when 2 - ((2 - 3) + -3 - 3) is divided by 6?
3
Suppose 7*z = 5*z + 34. Calculate the remainder when 81 is divided by z.
13
Suppose -2*o - 3*s = -113, 0 = -o + 25*s - 23*s + 74. Calculate the remainder when 71 is divided by o.
7
Suppose 0*v + 80 = 4*v. Let t = -18 + v. Calculate the remainder when t is divided by 2.
0
Let b(q) be the third derivative of 1/6*q**4 + 1/60*q**5 + 5*q**2 + 0 + 0*q + 1/6*q**3. Calculate the remainder when 9 is divided by b(-5).
3
Let x(k) = -k + 3. Let b = -17 + 19. Let p be x(b). What is the remainder when 4 is divided by (4 - -1) + (-3)/p?
0
Suppose -23*n = -32*n + 612. What is the remainder when 335 is divided by n?
63
Suppose -3*u - w = 2*w + 522, 3*w = 5*u + 894. Let f = u - -557. Suppose 3*g - 2*x - 285 = -7*x, -4*g + f = -x. What is the remainder when g is divided by 24?
23
Suppose -4*r + 5*l = -13, 4*r - 2*l - l = 11. Suppose -10 = r*n, n + 0*n = 5*d - 290. Calculate the remainder when d is divided by 20.
17
Suppose 0 = n + 5, -34*n + 36*n = -q + 482. What is the remainder when q is divided by 26?
24
Let o(w) = 3*w + 8. Let d = 42 + -27. Let s(l) = -4*l + 2. Calculate the remainder when o(d) is divided by s(-3).
11
What is the remainder when (-6112)/128*(2 + 0)*-2 is divided by 66?
59
Calculate the remainder when 253 is divided by 6*(-6)/(162/(-549)).
9
Let o(a) = -a**3 - 3*a**2 + 67*a + 14. What is the remainder when 85 is divided by o(-10)?
41
Suppose 2*s + 3*k - 9 = 0, -12 = -8*s + 3*s - 4*k. Suppose -2*j - r - 2*r + 27 = s, r + 1 = 0. Let h = j + 2. What is the remainder when 48 is divided by h?
14
Suppose 2*h + 21 = y, 3*y + 0 - 65 = 5*h. Let x be (16/10)/(10/y). What is the remainder when 82 is divided by 18/x*70/15?
19
Let l be 2*22/(-4) - -1. Let o(j) = 4 + 4 + 0 + 2 - j. What is the remainder when o(l) is divided by 7?
6
Let r be ((-122)/3)/((-3)/(-9)). Let b = -84 - r. Suppose -2*a - 2 = -b. Calculate the remainder when 70 is divided by a.
16
Let k(y) = -3 - 3 + 3 - 1 - 3*y**2 + 2*y. Let o be k(4). What is the remainder when 48 is divided by 3*(o/(-12) - -2)?
14
Suppose -12*s + 3*s = 45. What is the remainder when 3 + (s - -3) + 10 is divided by 2?
1
Let g be (-103996)/14 - 2/7*-1. Calculate the remainder when 0 + (-4)/(-6) - g/36 is divided by 10.
7
Let n(t) = -t - 2 + 19*t**2 + 0 + 0. Let v(f) = 2*f + 39. Let d be v(-20). What is the remainder when 87 is divided by n(d)?
15
Suppose 0 = -4*v - 3*m - 7, 0 = 5*v - 10*v - 2*m. What is the remainder when v is divided by 2?
0
Let z = 16 - 38. Let n = z - -93. Calculate the remainder when n is divided by 36.
35
Let m(s) = -51*s + 27. What is the remainder when 321 is divided by m(0)?
24
Let a be 3/9 - (-14)/(-6). Suppose 50 = -5*q + 3*v, 5*q + 3*v + 20 = -0*q. What is the remainder when 81 is divided by a + q/(28/(-120))?
25
Let l = -74 - -66. Let t(j) be the first derivative of j**4/4 + 3*j**3 + 3*j**2 + 2*j + 3. Calculate the remainder when 34 is divided by t(l).
16
Suppose -2*m = -0*m - 28. Let o(r) = -2*r**2 - 7*r + 3. Let f be o(-4). Let g = m + f. What is the remainder when 25 is divided by g?
12
Let l = 48 + -84. Let m = l - -47. Suppose -3*w - 25 = 2*w, 2*w + 72 = 2*a. What is the remainder when a is divided by m?
9
Suppose -9*f + 630 = 3*l, -l = 2*l - f - 670. Calculate the remainder when l is divided by 15.
12
Suppose v = 2*f + 16, 12 = 2*v - v + 2*f. Suppose 126 = 10*u - v. What is the remainder when 68 is divided by u?
12
Suppose 0*w - 4*w + 26 = x, w + x - 8 = 0. Suppose w = 2*g - 0*g. What is the remainder when 86 is divided by 26 + 1 + -1 + g?
28
Let j = -8 + 11. Let k = j - 3. Suppose -o + 2 = 3*w - k, -w = 4. Calculate the remainder when 52 is divided by o.
10
Let p be ((-4)/6)/((-2)/279). Let w = p - 60. Suppose 0 = 15*l - 12*l - w. Calculate the remainder when 32 is divided by l.
10
Suppose -12 = 5*a - 67. Calculate the remainder when 18 is divided by a.
7
Suppose 0 = -r - 4*i - 11, r + 18 = -5*i + 3. Let b be 14/(-63) + 173/9. Let j = -6 + b. What is the remainder when j is divided by r?
3
Suppose 0 = 3*v + 1 - 4. Suppose v = 5*n + y - 5, 0 = n - 4*y + 3. Calculate the remainder when 102 is divided by n*27/1 - 1.
24
Let l be (-60)/(-16) + 2/8. Suppose 11 = 5*s - l. Suppose 0 = 5*c - s*c - 48. Calculate the remainder when 94 is divided by c.
22
Suppose 5*l = 4*h + 31 + 302, l - 5*h = 54. Calculate the remainder when l is divided by 36.
33
Let q(a) = a + 3. Let d be q(3). Calculate the remainder when ((-15)/(-6)*d)/1 is divided by ((-36)/16)/((-6)/16).
3
Suppose -128 = -180*l + 172*l. What is the remainder when l is divided by 3?
1
Suppose -5*i = -4 - 116. Suppose -4*n = -17 + 1. Suppose -o + 51 = -3*b - 57, 4*b = -n*o + 352. What is the remainder when o is divided by i?
21
Calculate the remainder when (-140)/(-1*(0 + 1)) - 4 is divided by 29.
20
Let h = 21 - 9. Let q be (h/4 - -19)/2. Suppose -q + 0 = -g. What is the remainder when 30 is divided by g?
8
Suppose -9*a + 157 = 13. What is the remainder when 13 is divided by (a/4)/16 + (-105)/(-12)?
4
Suppose -3*z + 89 = 5*o, -z - 4*o - 13 = -45. Suppose 30 = 26*s - 21*s. What is the remainder when z is divided by s?
4
Calculate the remainder when (-3812)/(-30) + 140/150 + -1 is divided by 56.
15
Let l(u) = u**3 + 4*u**2 - 2*u + 5. Let h be l(-4). Suppose -h = -2*x + 3. Calculate the remainder when (11 + (-232)/24)*(-57)/(-2) is divided by x.
6
Let u = -119 + 162. Calculate the remainder when 163 is divided by u.
34
Calculate the remainder when 91 is divided by 167/4 + 6/240*10.
7
Let u(n) = -n**2 + 5*n + 4. Let c be u(8). Let w = 19 + c. What is the remainder when (14/28)/(w/(-6)) is divided by 1?
0
Let b = -2 - 2. Suppose r = -3*s + 49, -3*s - 4*r - 14 = -5*s. What is the remainder when s is divided by (-32)/(-5) - b/(-10)?
3
Let f(h) = 2*h**3 + 21*h**2 + 8*h + 5. Suppose -2*j = 4, 3*c + 2*j = 162 + 50. Calculate the remainder when c is divided by f(-10).
22
What is the remainder when (-8)/(-12)*573*(-2)/(-4) is divided by 12?
11
Suppose 0 = -5*n + 38 + 22. Suppose -n + 51 = m. Let f = -25 - -39. Calculate the remainder when m is di